1
What are the prime factors of 162856161?
3, 13, 1391933
List the prime factors of 62537852.
2, 13, 673, 1787
List the prime factors of 1626521535.
3, 5, 83, 435481
What are the prime factors of 45716699?
7, 6530957
What are the prime factors of 380937356?
2, 269, 354031
List the prime factors of 177290362.
2, 88645181
List the prime factors of 1328833003.
1328833003
List the prime factors of 1033849838.
2, 7, 61, 1210597
List the prime factors of 8886500.
2, 5, 7, 2539
List the prime factors of 6691298884.
2, 101, 16562621
What are the prime factors of 185208985?
5, 13, 109, 26141
What are the prime factors of 29528531?
29528531
List the prime factors of 34035958.
2, 11, 73, 21193
What are the prime factors of 537051440?
2, 5, 31, 216553
What are the prime factors of 4712016286?
2, 2356008143
What are the prime factors of 28316156?
2, 11, 19, 33871
What are the prime factors of 114168934?
2, 11, 73, 71089
What are the prime factors of 433110774?
2, 3, 1223, 59023
What are the prime factors of 1352464938?
2, 3, 11, 29, 26171
What are the prime factors of 72302815?
5, 13, 1112351
What are the prime factors of 29179829?
7, 29, 143743
What are the prime factors of 32265919?
7, 479, 9623
What are the prime factors of 13248331?
29, 37, 12347
What are the prime factors of 2979953158?
2, 7, 13, 16373369
What are the prime factors of 907214236?
2, 83, 353, 7741
List the prime factors of 13935811.
673, 20707
List the prime factors of 140119140.
2, 3, 5, 7, 41, 79, 103
List the prime factors of 9013673.
9013673
What are the prime factors of 54053458?
2, 27026729
List the prime factors of 83576154.
2, 3, 79, 176321
What are the prime factors of 142177555?
5, 13, 389, 5623
What are the prime factors of 61020692?
2, 15255173
List the prime factors of 4673188627.
379, 12330313
List the prime factors of 243794047.
7, 43, 163, 4969
What are the prime factors of 36910405?
5, 7, 1054583
List the prime factors of 28442464.
2, 888827
List the prime factors of 65727370.
2, 5, 6572737
What are the prime factors of 97235089?
7, 881, 15767
List the prime factors of 80060129.
19, 47, 89653
List the prime factors of 5755825231.
13, 71, 6235997
What are the prime factors of 1046633581?
7, 21359869
What are the prime factors of 370811894?
2, 31, 1109, 5393
What are the prime factors of 4063258382?
2, 29, 47, 1490557
List the prime factors of 2485710033.
3, 828570011
What are the prime factors of 256630719?
3, 85543573
List the prime factors of 95624275.
5, 101, 37871
List the prime factors of 51377505.
3, 5, 97, 35311
What are the prime factors of 14540740?
2, 5, 79, 9203
What are the prime factors of 1708222576?
2, 1303, 81937
List the prime factors of 7122074.
2, 19, 187423
List the prime factors of 182168462.
2, 7, 31, 419743
List the prime factors of 596489339.
2237, 266647
List the prime factors of 109496130.
2, 3, 5, 3649871
List the prime factors of 9772737.
3, 13, 250583
List the prime factors of 473453878.
2, 59, 4012321
What are the prime factors of 7838220449?
521, 15044569
What are the prime factors of 165601374?
2, 3, 443, 62303
What are the prime factors of 486732026?
2, 11, 23, 73, 13177
List the prime factors of 87854357.
87854357
What are the prime factors of 3177814251?
3, 23, 43, 1071053
What are the prime factors of 5087704?
2, 769, 827
List the prime factors of 14595506.
2, 7297753
What are the prime factors of 2281288150?
2, 5, 107, 653
What are the prime factors of 3820723?
71, 53813
What are the prime factors of 250620010?
2, 5, 1181, 21221
List the prime factors of 148850874.
2, 3, 8269493
List the prime factors of 42663.
3, 14221
What are the prime factors of 61726827?
3, 569, 36161
What are the prime factors of 732746956?
2, 183186739
List the prime factors of 95369773.
1723, 55351
What are the prime factors of 28501951?
37, 83, 9281
List the prime factors of 3362613737.
7, 97, 487, 10169
What are the prime factors of 155845431?
3, 7, 117797
List the prime factors of 222845597.
13, 23, 57331
List the prime factors of 1184564944.
2, 541, 136849
List the prime factors of 83425539.
3, 27808513
List the prime factors of 7264372.
2, 17, 317, 337
List the prime factors of 135774305.
5, 47, 83, 6961
What are the prime factors of 4255142845?
5, 851028569
What are the prime factors of 21229986?
2, 3, 79, 44789
List the prime factors of 12178008.
2, 3, 79, 2141
What are the prime factors of 1516011924?
2, 3, 7, 17, 197, 317
List the prime factors of 91166955.
3, 5, 11, 552527
What are the prime factors of 81427450?
2, 5, 13, 17, 7369
What are the prime factors of 61322962?
2, 41, 747841
What are the prime factors of 1448998881?
3, 11, 19, 449, 5147
What are the prime factors of 3299033850?
2, 3, 5, 7, 3141937
What are the prime factors of 5384378823?
3, 1794792941
What are the prime factors of 188455473?
3, 20939497
List the prime factors of 560406589.
181, 3096169
What are the prime factors of 246792152?
2, 30849019
List the prime factors of 1347035804.
2, 67, 5026253
List the prime factors of 369003110.
2, 5, 7, 47, 59, 1901
List the prime factors of 714163843.
714163843
What are the prime factors of 37637163?
3, 1393969
What are the prime factors of 716111526?
2, 3, 13, 9180917
List the prime factors of 346589431.
19, 18241549
What are the prime factors of 24494870?
2, 5, 2449487
List the prime factors of 393020872.
2, 23, 241, 8863
What are the prime factors of 268513426?
2, 719, 186727
List the prime factors of 1937429.
13, 149033
List the prime factors of 14259074.
2, 67, 106411
List the prime factors of 2255674251.
3, 313, 2402209
List the prime factors of 551774604.
2, 3, 107, 429731
What are the prime factors of 374447691?
3, 317, 4861
List the prime factors of 6208598.
2, 11, 43, 6563
List the prime factors of 11410101.
3, 1267789
What are the prime factors of 603466507?
7, 12315643
List the prime factors of 363824891.
363824891
What are the prime factors of 218934369?
3, 29, 31, 27059
List the prime factors of 1095861365.
5, 107, 2048339
What are the prime factors of 4143375740?
2, 5, 7, 3593, 8237
List the prime factors of 25082372.
2, 7, 895799
What are the prime factors of 39182934?
2, 3, 7, 932927
What are the prime factors of 1658645420?
2, 5, 82932271
List the prime factors of 88505477.
19, 29, 160627
List the prime factors of 762593951.
7, 108941993
What are the prime factors of 709996485?
3, 5, 11, 563, 7643
List the prime factors of 831750962.
2, 7, 59410783
What are the prime factors of 285599675?
5, 11423987
What are the prime factors of 161030281?
89, 229, 7901
What are the prime factors of 137872043?
137872043
What are the prime factors of 190668668?
2, 17, 1327, 2113
What are the prime factors of 758292604?
2, 401, 472751
What are the prime factors of 148258469?
29, 5112361
What are the prime factors of 15426479?
197, 78307
What are the prime factors of 149989071?
3, 919, 54403
What are the prime factors of 205385438?
2, 619, 165901
List the prime factors of 124530560.
2, 5, 7, 11, 19
What are the prime factors of 1333551222?
2, 3, 24695393
What are the prime factors of 836297869?
11, 41, 281, 6599
What are the prime factors of 257316046?
2, 13, 17, 67, 8689
What are the prime factors of 974686184?
2, 6287, 19379
List the prime factors of 721658960.
2, 5, 11, 820067
List the prime factors of 1227096942.
2, 3, 1801, 113557
What are the prime factors of 68436626?
2, 41, 834593
What are the prime factors of 250083782?
2, 13, 9618607
What are the prime factors of 6268128843?
3, 23, 90842447
What are the prime factors of 131351488?
2, 107, 19181
List the prime factors of 91913801.
7, 103, 127481
List the prime factors of 77230334.
2, 38615167
List the prime factors of 1108223243.
1108223243
List the prime factors of 2133243267.
3, 113, 6292753
What are the prime factors of 1647085107?
3, 549028369
What are the prime factors of 120269188?
2, 13, 177913
What are the prime factors of 443361?
3, 147787
List the prime factors of 649622042.
2, 1583, 205187
What are the prime factors of 109326828?
2, 3, 13, 41, 17093
List the prime factors of 953803357.
13, 67, 1095067
What are the prime factors of 49899843?
3, 7, 792061
What are the prime factors of 1753123740?
2, 3, 5, 29218729
What are the prime factors of 76619007?
3, 2837741
What 